ultiple of 34?
False
Does 103 divide 42951?
True
Is 40 a factor of 2299800?
True
Is 14 a factor of 4064690?
True
Is 376430 a multiple of 82?
False
Is 76 a factor of 41344?
True
Does 52 divide 2154709?
False
Is 368 a factor of 6144496?
True
Is 329329 a multiple of 91?
True
Is 15 a factor of 11298870?
True
Does 354 divide 1108853?
False
Does 30 divide 1384100?
False
Is 20 a factor of 33780?
True
Is 163 a factor of 2472058?
True
Is 429170 a multiple of 70?
True
Is 159 a factor of 5444160?
True
Is 7 a factor of 3442299?
True
Is 38 a factor of 981080?
False
Is 111 a factor of 2400770?
False
Is 351482 a multiple of 6?
False
Does 99 divide 2288583?
True
Is 82 a factor of 1839618?
False
Does 24 divide 20596?
False
Is 924675 a multiple of 19?
False
Is 19 a factor of 189983?
False
Does 104 divide 70512?
True
Is 60256 a multiple of 9?
False
Is 941054 a multiple of 209?
False
Is 11552 a multiple of 5?
False
Does 373 divide 1341942?
False
Is 20 a factor of 2775029?
False
Does 25 divide 4300726?
False
Is 74 a factor of 20476?
False
Is 739 a factor of 227612?
True
Does 314 divide 17672861?
False
Is 9 a factor of 701206?
False
Does 920 divide 5591760?
True
Is 169 a factor of 9324700?
False
Is 71 a factor of 2286555?
True
Does 11 divide 185580?
False
Is 43 a factor of 224804?
True
Does 12 divide 1794540?
True
Is 299607 a multiple of 21?
True
Is 33 a factor of 86074?
False
Is 1074073 a multiple of 168?
False
Is 145286 a multiple of 3?
False
Does 57 divide 737751?
True
Does 11 divide 271053?
False
Is 6 a factor of 1243632?
True
Does 1046 divide 4869543?
False
Is 14322 a multiple of 62?
True
Is 7645807 a multiple of 1297?
False
Is 9538391 a multiple of 67?
False
Is 5810227 a multiple of 756?
False
Is 3943728 a multiple of 153?
True
Is 11255928 a multiple of 106?
True
Is 160009 a multiple of 279?
False
Is 613288 a multiple of 101?
False
Is 809276 a multiple of 40?
False
Does 43 divide 15996?
True
Does 96 divide 17376?
True
Does 66 divide 135826?
False
Is 4617041 a multiple of 19?
False
Is 8 a factor of 696088?
True
Is 1437281 a multiple of 269?
False
Is 850942 a multiple of 433?
False
Does 73 divide 2951606?
False
Does 4 divide 126032?
True
Does 186 divide 23125752?
True
Is 17961672 a multiple of 20?
False
Does 31 divide 209981?
False
Does 12 divide 2715024?
True
Is 225 a factor of 182626?
False
Is 209 a factor of 18537841?
False
Does 308 divide 146629?
False
Is 138812 a multiple of 15?
False
Does 311 divide 3082632?
True
Does 12 divide 1960250?
False
Is 472492 a multiple of 32?
False
Is 6 a factor of 630900?
True
Is 450 a factor of 104400?
True
Is 15 a factor of 51848?
False
Does 20 divide 143923?
False
Is 11 a factor of 43752?
False
Is 1341680 a multiple of 4?
True
Is 176269 a multiple of 14?
False
Is 3444361 a multiple of 246?
False
Does 14 divide 2091516?
True
Does 50 divide 1317700?
True
Is 9781 a multiple of 146?
False
Does 16 divide 639288?
False
Is 550844 a multiple of 14?
True
Is 37 a factor of 62456?
True
Is 89530 a multiple of 414?
False
Is 4 a factor of 2275?
False
Does 43 divide 124528?
True
Is 217642 a multiple of 23?
False
Is 1547226 a multiple of 129?
True
Is 72248 a multiple of 55?
False
Does 54 divide 2720736?
True
Is 30 a factor of 831090?
True
Is 155 a factor of 342989?
False
Is 1987103 a multiple of 40?
False
Does 377 divide 5899679?
False
Is 20 a factor of 166300?
True
Is 171 a factor of 1429560?
True
Is 7 a factor of 92764?
True
Is 49 a factor of 242305?
True
Is 74 a factor of 500092?
True
Does 44 divide 259573?
False
Is 2544965 a multiple of 336?
False
Is 6847802 a multiple of 3?
False
Does 229 divide 52847?
False
Is 530 a factor of 1539417?
False
Does 15 divide 3403020?
True
Does 408 divide 3326166?
False
Does 7 divide 1146243?
True
Does 35 divide 217595?
True
Is 3 a factor of 6764?
False
Does 633 divide 3727607?
False
Is 1176350 a multiple of 136?
False
Does 136 divide 1127438?
False
Is 6 a factor of 2772690?
True
Does 3 divide 264471?
True
Is 63175 a multiple of 95?
True
Is 53194 a multiple of 3?
False
Does 68 divide 305434?
False
Is 150822 a multiple of 18?
True
Is 190 a factor of 83600?
True
Does 3 divide 40794?
True
Is 182 a factor of 19546800?
True
Is 7 a factor of 60081?
True
Does 1332 divide 1169496?
True
Is 2 a factor of 584574?
True
Is 105 a factor of 201810?
True
Is 28 a factor of 587580?
True
Is 159577 a multiple of 11?
True
Does 56 divide 141400?
True
Is 4 a factor of 1238025?
False
Is 24 a factor of 367704?
True
Is 5083648 a multiple of 128?
True
Is 626634 a multiple of 186?
True
Is 712012 a multiple of 413?
True
Does 10 divide 3299430?
True
Does 102 divide 81516?
False
Does 16 divide 6235365?
False
Is 2413758 a multiple of 449?
False
Does 255 divide 961881?
False
Does 2 divide 3528756?
True
Does 132 divide 719164?
False
Is 200016 a multiple of 463?
True
Does 31 divide 869860?
True
Is 5134589 a multiple of 189?
False
Is 67 a factor of 28747891?
True
Is 10371 a multiple of 19?
False
Is 35123 a multiple of 11?
True
Is 28 a factor of 1191052?
False
Is 1662698 a multiple of 14?
False
Does 12 divide 69039?
False
Does 666 divide 2188310?
False
Does 12 divide 335296?
False
Does 25 divide 6875?
True
Does 264 divide 1218096?
True
Is 502826 a multiple of 656?
False
Is 52 a factor of 1646476?
True
Is 48 a factor of 28978?
False
Is 86 a factor of 217946?
False
Is 54 a factor of 213732?
True
Is 8768840 a multiple of 40?
True
Is 11565279 a multiple of 877?
False
Is 172331 a multiple of 218?
False
Is 92060 a multiple of 179?
False
Does 298 divide 2520484?
True
Does 80 divide 7311?
False
Does 8 divide 5896?
True
Is 128 a factor of 15360?
True
Is 53524 a multiple of 33?
False
Is 161115 a multiple of 15?
True
Does 33 divide 82144?
False
Does 15 divide 1010871?
False
Is 15887664 a multiple of 13?
True
Is 350958 a multiple of 5?
False
Is 11228895 a multiple of 62?
False
Is 1630 a factor of 13734896?
False
Does 43 divide 13796?
False
Is 184 a factor of 2873788?
False
Is 1023 a factor of 628364?
False
Is 104 a factor of 2925312?
True
Is 23 a factor of 123165?
True
Is 2805336 a multiple of 1128?
True
Does 12 divide 11764176?
True
Is 684382 a multiple of 634?
False
Is 3 a factor of 15828?
True
Is 82512 a multiple of 108?
True
Is 77255 a multiple of 27?
False
Does 489 divide 12117909?
True
Is 6513 a multiple of 24?
False
Is 12303731 a multiple of 300?
False
Does 20 divide 8960490?
False
Is 21 a factor of 68397?
True
Is 32 a factor of 185251?
False
Is 80665 a multiple of 5?
True
Does 48 divide 28128?
True
Does 51 divide 9175406?
False
Is 42 a factor of 90131?
False
Does 242 divide 315733?
False
Does 169 divide 302341?
True
Does 39 divide 24063?
True
Is 26 a factor of 845078?
True
Is 579945 a multiple of 383?
False
Is 170749 a multiple of 6?
False
Does 43 divide 23890?
False
Is 9734556 a multiple of 156?
True
Is 2336673 a multiple of 381?
True
Does 127 divide 315207?
False
Does 81 divide 2109402?
True
Is 14824909 a multiple of 261?
False
Does 187 divide 966583?
False
Is 3702315 a multiple of 15?
True
Does 45 divide 1115693?
False
Is 44 a factor of 3040982?
False
Is 2 a factor of 157560?
True
Is 71 a factor of 394196?
False
Is 211620 a multiple of 20?
True
Is 8680 a multiple of 47?
False
Is 5232472 a multiple of 4?
True
Is 127 a factor of 79084?
False
Does 102 divide 2125476?
True
Is 61152 a multiple of 182?
True
Does 2 divide 15891?
False
Is 1150352 a multiple of 56?
True
Is 40 a factor of 5300019?
False
Is 276 a factor of 832416?
True
Does 9 divide 357714?
True
Does 3 divide 1281104?
False
Is 14 a factor of 308?
True
Is 926439 a multiple of 351?
False
Is 7199044 a multiple of 50?
False
Is 18 a factor of 78606?
True
Is 11369 even?
False
Does 11 divide 1466487?
True
Is 18215716 a multiple of 86?
False
Is 84 a factor of 434364?
True
Is 4 a factor of 939?
False
Does 48 divide 314256?
True
Does 19 divide 256424?
True
Does 100 divide 431300?
True
Is 312237 a multiple of 6?
False
Is 153930 a multiple of 288?
False
Is 978 a factor of 10319090?
False
Does 7 divide 926612?
False
Is 17 a factor of 379916?
True
Is 5520086 a multiple of 13?
True
Is 117594 a multiple of 9?
True
Does 262 divide 765674?
False
Does 8 divide 3617220?
False
Is 559 a factor of 1276535?
False
Is 1514133 a multiple of 67?
True
Does 175 divide 15085875?
True
Is 4164589 a multiple of 17